202*n - 133. What is the thousands digit of r(6)?
1
What is the hundreds digit of (0/(-6) + 1)*844?
8
Suppose -29 = 5*s + j, 5*s - 5*j = -30 - 5. What is the hundreds digit of 6*(-280)/(-21)*s/(-4)?
1
Let v be 0/((-2 + 3)/(-1)). Suppose 3*i = -v*c - 4*c + 354, 2*c - 5*i = 190. What is the units digit of c?
0
Let i = 6 + 271. What is the tens digit of i?
7
Let u(p) = -2*p**2 + 19. Let j be u(0). Suppose -15*n = -j*n + 440. What is the units digit of n?
0
Let j = 104 - 84. Suppose 0 = -5*b + 720 - j. What is the units digit of b?
0
Let o be 93/33 - 4/(-22). Suppose -2*j + 3 = -5*t, 0*t = j - o*t - 1. Suppose -j*p + 9 = 1. What is the units digit of p?
2
Let b = 10 + 1. Let a be 20/b - 16/(-88). Suppose 4*n - h = 5*n - 52, 4*n = -a*h + 212. What is the units digit of n?
4
Let z be (-4)/(-1) + -14 + 4. What is the tens digit of 634/6 - ((-4)/z - 0)?
0
Let n(f) = 11*f - 24. Let x(j) = 12*j - 25. Let a(d) = -4*n(d) + 3*x(d). What is the tens digit of a(-14)?
3
Let a be 3/9 - 249/(-9). What is the units digit of ((-132)/(-24))/(2/a)?
7
Suppose 0*l + l + 3 = 0, -5*v + 5*l + 2720 = 0. What is the tens digit of v?
4
Suppose -4*j = -16, -4*j - 383 - 1037 = 4*i. Let b = 598 + i. What is the tens digit of b?
3
Suppose -x = -3*t + 10, 6 + 2 = -4*t - 4*x. Suppose 0*l = 2*l. Suppose -t*j + l*j = -46. What is the tens digit of j?
2
What is the units digit of 1030 - 1 - (10 + -12 + 5)?
6
Let y = 1192 + -419. What is the hundreds digit of y?
7
Let a(s) = -s**3 - 10*s**2 - 8*s + 9. Let n be a(-9). Suppose n = -0*w - 2*w + 178. Suppose 2*t = 1 + w. What is the tens digit of t?
4
Suppose -5 = -6*i - 47. Let u = 8 - i. What is the units digit of u?
5
Suppose 2*j + 18*h - 13*h = 681, 987 = 3*j - 4*h. What is the hundreds digit of j?
3
Let i(r) = 3*r**2 + 17*r - 27. What is the tens digit of i(-19)?
3
Let k(l) = 103*l**2 + 10*l + 48. What is the hundreds digit of k(-3)?
9
Let k(d) = -d**3 + 35*d**2 - 250*d - 4. What is the hundreds digit of k(15)?
7
Let i(o) = -4*o**2 + o**3 - 3*o**2 - 9*o**2 - 9 + 11*o**2 - 4*o. What is the units digit of i(6)?
3
Let c(v) be the second derivative of -v**5/20 + 7*v**4/6 + 11*v**2/2 - 3*v. What is the tens digit of c(14)?
1
Let u(q) = q**2 + 2*q - 2. Let f be u(-3). What is the tens digit of ((-54)/f)/((-33)/44)?
7
Let g(w) = -4*w**2 + 23*w + 5. Let x be g(8). Let q = -48 - x. What is the units digit of q?
9
Let t(l) = l**2 - 13*l + 12. Let a be t(9). What is the tens digit of a/8*1*-4?
1
Let v be 58/4 + 9/6. Let a be 16/(-20) + 4/(-20). What is the tens digit of v - (-3 - -2)/a?
1
Let j(y) be the first derivative of -y**3/3 - 4*y**2 + 16*y - 4. What is the tens digit of j(-7)?
2
Suppose 5*m - 6*b = -3*b + 14, 0 = -2*m + 3*b + 2. Suppose m*s + 6*i - i - 196 = 0, -4*i + 200 = 4*s. What is the units digit of s?
4
Suppose 0 = -4*x + 2752 - 660. What is the hundreds digit of x?
5
Suppose -4*j = 7*j + 44. What is the tens digit of (j - -4) + 1 + 295?
9
Let v(i) = -i**3 + 4*i**2 + i - 3. What is the tens digit of v(-5)?
1
Let w(x) = -5*x + 4. Let l(z) = -3*z + 2. Let c(m) = -7*l(m) + 4*w(m). Let f be c(-6). What is the units digit of (14/f)/((-4)/24)?
1
What is the tens digit of 921*((-9)/(-3) - 2)?
2
Let f = -61 - 12. Let z = f - -194. What is the hundreds digit of z?
1
Let z be -4*3*(-3)/9. Suppose z*w + 5*f - 40 = 485, -3*w = -5*f - 385. What is the tens digit of w?
3
Let a be 6/39 - (204/(-26) - -4). Suppose 5*q - 1602 = -a*q. What is the tens digit of q?
7
Let o(f) be the first derivative of -5*f**2/2 + 39*f + 16. What is the units digit of o(7)?
4
Suppose -110 = -0*p + p - 5*h, -3*h + 241 = -2*p. Let s = 199 + p. What is the tens digit of s?
7
Let x(a) = 11*a - 1. Let i be x(-1). Let d = i - -35. What is the tens digit of d?
2
Let k = 11 - 12. Let f = k - -6. Suppose 6*z - 4*z - 96 = f*r, 2*z + 3*r = 96. What is the tens digit of z?
4
Let w = 5733 - 4079. What is the units digit of w?
4
Let c = -128 + 263. Let b be 19 + -22 - (1 - c). Suppose -2*p + 5*p = 4*m + b, 3*p + 4*m = 163. What is the units digit of p?
9
Suppose 4*k = 5*n + 76, 0 = 3*k - n + 5*n - 26. Let d(x) = k*x**2 + 3*x - 2*x**2 - 2*x**2 + 2. What is the units digit of d(-2)?
6
Let w(o) = -2*o + 15. Let a be w(6). Suppose -4*j - r - 8 = 0, -4*j = j + a*r + 3. What is the units digit of (-22)/j + 4/6?
8
Suppose -8*p = -11*p. Suppose p*q - q = -4. Suppose -q*v - 3*j = v + 7, -2*v - 3*j - 10 = 0. What is the units digit of v?
1
Let p(c) = -3*c + 5. Let h be p(-5). Suppose -30 = -3*m - 3*w, -4*w + h = 3*m - 14. Let v = m - -14. What is the tens digit of v?
2
Let j = 107 - 153. Let r = j + 118. What is the tens digit of r?
7
Let f = 240 - 229. What is the tens digit of f?
1
Let v = 13 - 9. Suppose 2*u = -2*h - 2, h = 3*u + 5*h + v. Suppose 3*s + u*s - 63 = 0. What is the tens digit of s?
2
Suppose 0 = m - 5*w - 15, m - 2*w + 3 = -3*w. Suppose 5*h + 47 + 33 = m. Let t = 37 + h. What is the units digit of t?
1
Let d = -102 - -147. What is the units digit of d/(-9) - 1*-198?
3
Suppose -4*p + 2*i - 2 = 0, 2*i = -2*p - 3*p + 20. Suppose 0 = 4*a - 2*c - 332, 6 + p = -4*c. What is the tens digit of a?
8
Suppose -41 = -6*i + 5*i. Let x = 60 - i. What is the tens digit of x?
1
Let s(a) = 2*a**2 - 16*a - 30. What is the units digit of s(-16)?
8
Suppose 0 = 8*b - 4250 - 678. What is the tens digit of b?
1
Suppose 427 = v - 3*x, 0 = 10*v - 14*v + 2*x + 1668. What is the tens digit of v?
1
Let c be ((-4)/(-10))/((-3)/(-15)). Let j = -145 + 147. Suppose u - 3 = 0, 3*h - 45 = c*h + j*u. What is the tens digit of h?
5
Suppose -45*v = -10*v - 13930. What is the tens digit of v?
9
Let d(p) = p**3 - 4*p**2 + 4. Let n be d(3). Let j(a) = a**2 + 3*a + 6. Let c be j(n). Let r(u) = u**2 - 16*u + 18. What is the tens digit of r(c)?
1
Suppose 3*p + 15 = 0, n - 4*p + 58 = -n. Let y = -25 - 45. Let b = n - y. What is the units digit of b?
1
Suppose 4680 = -18*d + 12402. What is the tens digit of d?
2
Let c(g) = g**2 - 29*g - 85. What is the tens digit of c(34)?
8
Let f(l) = -l**3 + 12*l**2 - 5. Let o be f(12). Let j(k) = -k**3 - 6*k**2 - 6*k - 10. Let x be j(o). Let c(w) = -18*w - 16. What is the tens digit of c(x)?
7
Suppose 4*h + i + 7 = 17, 5*h - 4*i = 2. What is the units digit of h + -1 + 1 - -82?
4
Suppose -s - 8 + 12 = 0. Suppose -4*n + 18 + 656 = -2*o, -s*o - 158 = -n. Suppose 3*k + 2*k - n = 0. What is the units digit of k?
4
Suppose 3*x + 5*x - 6192 = 0. Suppose 3*a + 69 = x. What is the hundreds digit of a?
2
What is the units digit of (2/(-2) + 159)*222/222?
8
Let j(x) = -x**3 + 6*x**2 - 2*x + 4. What is the units digit of j(4)?
8
Let u be ((3 + -5)/2)/(-1). Let h be (-1 + u)/(-3 + 2). Suppose -68 = -4*v - h. What is the tens digit of v?
1
Let h be 12 - 3/9*-3. Suppose -12*y - 8 = -h*y. What is the units digit of y + (-6 + -3)/3?
5
Suppose 3*f + 552 = 5*f. Suppose -2*m - 2*i + 146 = 2*i, -4*i = 4*m - f. Suppose q = -2*w - 0*q + m, 2*w = 2*q + 74. What is the units digit of w?
4
Let n = -4249 - -6721. What is the thousands digit of n?
2
Let n(s) = -s**3 + 28*s**2 + 7*s - 66. What is the tens digit of n(27)?
5
Suppose -5*s - 10 = -2*q, -3*q + 3*s - 6*s = -15. Suppose q*l - 160 = l. What is the units digit of 102/8 - 30/l?
2
Let x = 30 + -11. Let a = -13 + x. Suppose -2*y + 0*y - 4*l + a = 0, 0 = 3*y + 2*l - 9. What is the units digit of y?
3
Let d(g) = g**2 - 4*g + 3. Suppose 4*s - 7*s = -12. Let m be d(s). Suppose 3*p - 70 = -2*c, -2*p + m*c = -5 - 46. What is the tens digit of p?
2
Suppose -505 = 5*v - 5*h, 0*h = -v + 3*h - 97. What is the hundreds digit of 2 - (-4 + 3) - v?
1
Suppose -2*t + 3*t = 34. Let f(h) = -3*h**2 + 35*h + 4. Let r be f(11). Suppose r + t = 4*b. What is the tens digit of b?
1
Suppose 0 = 2*h + 3*g - 527 - 166, g = -5*h + 1739. What is the tens digit of (4 - (-5)/(-2))/(9/h)?
5
Suppose 0 = b - 4*i + 7*i - 508, -3*b + i = -1554. What is the units digit of b?
7
Suppose 0 = -2*y - y + 471. Suppose u + 501 = -0*k - 5*k, -2*k = 4*u + 204. Let p = k + y. What is the tens digit of p?
5
Let z be 6 + 1 + (-8)/4. Let i = z - 11. What is the tens digit of 26 - (i - 3)/3?
2
Let q be -1*(552/(-4) - 3). Suppose 2*m - q = -m. What is the tens digit of m?
4
Suppose 153*y = 147*y + 876. What is the units digit of y?
6
Let m be (0 + 2)/(2/33). Let v = m - -23. What is the units digit